 What is the units digit of i?
0
Suppose 2*l - 95 = -2*t + 225, 0 = -4*t - l + 643. What is the hundreds digit of t?
1
Suppose 0 = -0*p - 2*p. Suppose p = -4*n - 0*n. Let x(b) = -b**2 + b + 3. What is the units digit of x(n)?
3
What is the tens digit of (-7)/((-105)/(-6)) + 442/5?
8
Let x(l) = -l**3 + 7*l**2 - 6*l + 11. What is the tens digit of x(6)?
1
Suppose -1 = -d + 4. Suppose -2*v - 5*n = -6*v - 1, -n = -d*v + 25. What is the units digit of (24/(-9))/((-2)/v)?
8
Suppose 3*l = -d + 79, 6*l - 4*d - 34 = 4*l. What is the units digit of l?
5
What is the units digit of 1/6 - 355/(-30)?
2
Suppose 0 = 2*h - 6*h. Suppose h = -4*b + 71 + 61. What is the tens digit of b?
3
Let x(a) = 2*a**3 + 3*a**2 - 8*a - 6. Let j be x(-5). Let m = -95 - j. What is the tens digit of m?
4
Suppose -5*w = 4*h - 44, -9 = -3*w + 5*h + 10. Let s(f) = f**3 - 6*f**2 - 8*f - 11. What is the tens digit of s(w)?
5
Let w = -5 - -2. Let c = 15 + w. What is the tens digit of c?
1
Let w = 15 + -27. Let h = w + 43. What is the tens digit of h?
3
Let x be 40/(-16)*172/(-10). Let i = x - 26. What is the tens digit of i?
1
Let f(y) = -y**2 - 3*y. Let m be f(-3). Let t = m + 8. What is the units digit of t?
8
Suppose -4*i = 5*l - 2 - 50, 5*i - 4*l - 65 = 0. What is the units digit of i?
3
Let g = 18 + -11. Suppose -2*w + 20 = 3*w. Let m = g - w. What is the units digit of m?
3
Let y(p) = p**3 + 6*p**2 - 10*p - 9. Let x be 9/6*28/(-6). Let g be y(x). Let z = g + -6. What is the units digit of z?
6
Suppose -6*r - 4*r = -970. What is the tens digit of r?
9
Let i(c) = c**2 - 2*c + 1. Let o be i(2). Suppose -p - o + 3 = 0. What is the units digit of p?
2
Suppose -2*v = -v - x - 6, -4*v = -3*x - 21. What is the units digit of v?
3
Suppose 2*m - 12 - 40 = 0. What is the tens digit of m?
2
Suppose 2*l + a - 415 = -3*l, 4*l + 2*a = 338. What is the units digit of l?
2
Suppose -k + 4*d + 4 = -15, d + 3 = 0. Let u(x) = -x + 3*x - x - 2. What is the units digit of u(k)?
5
Let m(i) = 2*i - 4. Let j be m(4). Suppose j*b - 36 = -12. What is the units digit of b?
6
What is the tens digit of -35*(4 - (-69)/(-15))?
2
Suppose 2*f + 49 = 235. Suppose -m + f = 2*m. Suppose 0 = -i + 5*o + m, -o = -3*o - 10. What is the units digit of i?
6
Suppose 5*o = 3*t + 186, -2*o - 4*t + 93 = t. What is the units digit of o?
9
Let y(c) = 7*c. What is the units digit of y(1)?
7
Let y(t) = -3*t - 1. Let f(s) = -4*s - 2. Let q(k) = -2*f(k) + 3*y(k). What is the units digit of q(-6)?
7
Let c(k) = 8*k**2 + k - 3. What is the units digit of c(4)?
9
Suppose -4*c - 4*z + 269 = -83, -z + 3 = 0. What is the units digit of c?
5
What is the units digit of (112/60*3)/(1/40)?
4
Let t = -29 - -172. What is the units digit of t?
3
Let c(a) be the third derivative of a**4/24 + 2*a**3 + 4*a**2. What is the units digit of c(-9)?
3
Let i be 4 - 2 - -6 - 3. Suppose 8 = -i*t - 32. What is the units digit of t*((-3)/1)/6?
4
Suppose 11*b - 1 = 10*b. What is the units digit of b?
1
Suppose 0 = 20*m - 262 - 458. What is the units digit of m?
6
Suppose 8 = 2*u - 68. What is the units digit of u?
8
What is the tens digit of 1/((-2)/(-30)) - -3?
1
Let y = -12 + 17. Let j be (1/1)/(4/8). Suppose 2*f - 2*k - 26 = -0*f, 0 = y*f - j*k - 56. What is the units digit of f?
0
Let g = -36 - -58. What is the units digit of g?
2
Suppose -4*o + 51 = h, 4*o - 2*o = -3*h + 103. What is the tens digit of h?
3
What is the tens digit of (-1)/4 - (-1125)/20?
5
Suppose -229 = 4*w + 3*x - 874, w = 3*x + 150. What is the hundreds digit of w?
1
Let m be 75/7 - (-2)/7. Suppose -7*c - 156 = -m*c. What is the units digit of c?
9
Let q(t) be the third derivative of -t**6/120 - t**5/60 + t**3/3 + 2*t**2. Let h be q(0). Suppose -8 = -h*a + 10. What is the units digit of a?
9
Suppose o + o = 4. Let m be (-4)/(o*(1 + -2)). What is the tens digit of (m - 5)*(-10)/3?
1
Suppose -5*n + 2*n = 0. Suppose -4*t + 38 + 14 = n. What is the tens digit of t?
1
Let m = 15 - 8. Suppose m = 5*c - 8. Suppose h + 66 = 5*f + c, 15 = f + h. What is the tens digit of f?
1
Let a(n) = -101*n - 4. What is the units digit of a(-1)?
7
Suppose 2*r = s, -r + 1 = -0. Suppose 37 = 3*k - s. What is the tens digit of k?
1
Let y = -14 - -8. Let o = y + 9. Suppose o*h + s - 36 = -h, 0 = -2*h + 3*s + 4. What is the units digit of h?
8
Let q(f) = 0*f - 3*f + f**2 + 2 - f. Let y(o) = -o + 13. Let h be y(8). What is the units digit of q(h)?
7
Let m(l) = -l**2 + 14*l + 1. What is the tens digit of m(6)?
4
Suppose -4*t - 413 = -11*t. What is the units digit of t?
9
Suppose -4*m - 2*p = -18, -2*p = 5*m + 3*p - 15. What is the tens digit of 33/m*(2 - 0)?
1
What is the units digit of 1092/18 - 1/(-3)?
1
Suppose 183 = 3*o + d, -3*o - 3*d = d - 174. What is the units digit of o?
2
Suppose -3*s = -3*n - 639, 2*n - 7*n - 856 = -4*s. What is the hundreds digit of s?
2
Let h = -2 + 4. Suppose -2*d = 2*o - 3*d - 16, 0 = -o - h*d + 8. Suppose -4*u + o + 4 = 0. What is the units digit of u?
3
Suppose 3*z - z + 2 = -r, -2*r - 2*z = 6. Let u be 0 + 1 + (-3 - r). Suppose u*l + 5*t - 25 = -0*l, 4*l - 2*t = 14. What is the units digit of l?
5
Let h = 94 - 83. What is the tens digit of h?
1
Let a(n) = 4*n**2 + 10*n + 3. What is the tens digit of a(-5)?
5
Let b(k) = -k**3 - 2*k**2 + 4*k - 2. Suppose 4*x + 8 = 2*x. What is the tens digit of b(x)?
1
Let o = 28 + -20. Suppose -4*d + 0 = -o. Suppose 2*p + l = -0*l, 2*p = -d*l - 2. What is the units digit of p?
1
Let n(g) = 1 - 50*g + 0 + 44*g. What is the units digit of n(-1)?
7
What is the hundreds digit of (2/6)/(13/10179)?
2
Let j be (-18)/(-4) + 1/2. Let p = j + -5. Suppose -4*a - a = 25, 5*z - 4*a - 70 = p. What is the tens digit of z?
1
What is the units digit of 3092/12 - ((-20)/(-12) - 2)?
8
Suppose 4*v + 37 = -35. Let p = v - -37. What is the units digit of p?
9
Suppose 18 = x + 5. Let a = x - -18. What is the units digit of a?
1
Suppose 5*q - 3*h - 15 = 2*q, -5*h = 0. Suppose 3*a = q*s + 28, -s + 0 = -a + 8. Suppose 0 = 2*r + 4*i + a, r + 4*i = -2*r - 3. What is the units digit of r?
3
Let l(w) = 25*w**2 + 2*w + 2. What is the units digit of l(2)?
6
Suppose -a - 2*g = -g - 146, 2*a - 292 = 5*g. What is the hundreds digit of a?
1
Suppose -5*d = -5, -3*d = -i + 6*i - 248. What is the units digit of i?
9
What is the units digit of 5 + (-10)/5 - -18?
1
Let f(h) = -h**2 - 5*h + 2. What is the units digit of f(-5)?
2
Let d(p) = -8*p**2 - 2*p - 1. Let u be d(-1). Let v = 14 + u. Let a(f) = -f**2 + 8*f - 2. What is the units digit of a(v)?
5
Let f be ((-15)/6)/((-1)/20). Suppose -q + 6*q = f. What is the tens digit of q?
1
Suppose -i + w - 43 = -3*i, 4*i + 5*w - 83 = 0. What is the tens digit of i?
2
Let s(z) = -2*z + 10. Let u(d) = d - 1. Let y(v) = -s(v) - 5*u(v). What is the units digit of y(-3)?
4
What is the tens digit of 5*(22/5 + -2)?
1
Let u(t) = -t**3 + t**2 + 4*t + 3. Let r be u(-2). What is the tens digit of r/(6/(-9) - -1)?
2
Suppose 4*o = 329 - 121. What is the tens digit of o?
5
Suppose 2*h = -h + 15, -5*h = 3*s - 793. What is the units digit of s?
6
Let b(u) = 44*u**3 - 1. What is the tens digit of b(1)?
4
Let c = -87 + 160. What is the units digit of c?
3
Let t = 0 - 9. What is the units digit of t/(-1) - (3 - 0)?
6
Let h(o) = -4*o**3 - o. Let l be h(1). What is the units digit of l/(-3) + (-1)/(-3)?
2
Let n be (-1)/(-3) + 8/3. Let h(y) = 7*y + 2*y - 4 - 6*y. What is the units digit of h(n)?
5
Let h = 1 + 0. What is the units digit of h?
1
Suppose 0*x - 78 = -6*x. What is the tens digit of x?
1
Suppose 4*f + 4 = -8, -4*p + 59 = 3*f. What is the units digit of p?
7
Suppose 2*p + 4*r + r = 188, -5*p = r - 424. What is the tens digit of p?
8
Let n be (-32)/(-6) + (-4)/(-6). Let v = 26 - n. What is the tens digit of v?
2
Let c(k) = k**2 + 5*k - 9. Let h be c(-7). Let a = 10 + h. What is the units digit of a?
5
Suppose 0 = -4*j + j + 18. Let a(i) = i**2 - 5*i + 9. What is the tens digit of a(j)?
1
Suppose 7*s = 3*s - 8. What is the tens digit of (105/10)/(s/(-4))?
2
Suppose t + 3*p - 13 = 0, t - 2*p = 2*p - 15. Let h be 2 - (-2)/t - 1. Suppose -h*o = 5*a + 16 - 53, o - 7 = -a. What is the units digit of a?
8
What is the units digit of (-4)/14 - (-3170)/70?
5
Let l(h) = 11*h**2 + 7*h - 8. What is the tens digit of l(3)?
1
Let a(q) be the first derivative of -q**4/4 -